{"id":1143,"date":"2021-11-18T09:03:53","date_gmt":"2021-11-18T08:03:53","guid":{"rendered":"https:\/\/www.bcsberlin.com\/whitebird\/BCSblog\/?page_id=1143"},"modified":"2021-11-18T09:03:53","modified_gmt":"2021-11-18T08:03:53","slug":"management-geschaeftsfuehrer-stories-it","status":"publish","type":"page","link":"https:\/\/www.bcsberlin.com\/whitebird\/BCSblog\/management-geschaeftsfuehrer-stories-it\/","title":{"rendered":"Management Gesch\u00e4ftsf\u00fchrer Stories IT"},"content":{"rendered":"<div id=\"pl-1143\"  class=\"panel-layout\" ><div id=\"pg-1143-0\"  class=\"panel-grid panel-no-style\" ><div id=\"pgc-1143-0-0\"  class=\"panel-grid-cell\" ><div id=\"panel-1143-0-0-0\" class=\"so-panel widget widget_sow-editor panel-first-child panel-last-child\" data-index=\"0\" ><div class=\"so-widget-sow-editor so-widget-sow-editor-base\"><h3 class=\"widget-title\">Management Gesch\u00e4ftsf\u00fchrer Stories IT<\/h3>\n<div class=\"siteorigin-widget-tinymce textwidget\">\n\t<p>Geschichten, die das Leben schreibt<\/p>\n<p>Eine Bank mit konservativem Vorstand l\u00e4sst ein IT System entwickeln. Banken arbeiten seri\u00f6s auf Mainframe , meist IBM und meist teuer. Die Entwicklung kostet, sagen wir 1 Million Euro und dauert ein Jahr.<\/p>\n<p>Die Umstellung auf SEPA Lastschriften war so ein System. Stehen diese Systeme erst einmal laufen sie auch dementsprechend lange, denn dass wir nach Sepa bald ein vollkommen anderes System bekommen\u00a0 ist unwahrscheinlich.<\/p>\n<p>Es gibt Systeme die laufen 10 Jahre - besonders bei Banken. Ich meine hier nicht Smartphone Apps, sondern eher Datawarehouses und Netze mit \u00fcber 2000 Usern.<br \/>\nWir haben also folgenden Zyklus.<br \/>\n<img loading=\"lazy\" decoding=\"async\" class=\"size-medium wp-image-870 alignleft\" style=\"font-weight: bold; color: #666666; font-size: 0.8125rem; font-style: italic;\" src=\"http:\/\/www.bcsberlin.com\/whitebird\/BCSblog\/wp-content\/uploads\/2016\/11\/2018-09-23-15_10_35-Window-300x170.jpg\" alt=\"\" width=\"300\" height=\"170\" srcset=\"https:\/\/www.bcsberlin.com\/whitebird\/BCSblog\/wp-content\/uploads\/2016\/11\/2018-09-23-15_10_35-Window-300x170.jpg 300w, https:\/\/www.bcsberlin.com\/whitebird\/BCSblog\/wp-content\/uploads\/2016\/11\/2018-09-23-15_10_35-Window.jpg 525w\" sizes=\"auto, (max-width: 300px) 100vw, 300px\" \/>1 Jahr Entwicklung und Test 9 Jahre im Betrieb = 10 Jahre Investitionen.<\/p>\n<p>&nbsp;<\/p>\n<p>Der Betrieb einer Software kostet aber auch Geld:<\/p>\n<ul>\n<li>Fehlerbehebung<\/li>\n<li>Gesetzliche \u00c4nderungen<\/li>\n<li>Design\u00e4nderungen<\/li>\n<\/ul>\n<ol>\n<li>Fehler bei der Codierung eines Programmes kosten etwas 1 Promille bis 1 Prozent der Entwicklung<\/li>\n<li>Fehler w\u00e4hrend der Testung oder kurz nach der ersten Betriebnahme kosten schon leicht 10 % der Entwicklungskosten. Es m\u00fcssen Parallelsysteme aufgebaut werden, was sollen die 2000 sonst tun!<br \/>\nWenn die Entwickler in Indien sitzen\u00a0 werden auch hohe Sicherheitsvorkehrungen notwendig. Dedizierte Hardware, <a href=\"https:\/\/www.bcsberlin.com\/whitebird\/BCSblog\/2017\/09\/20\/it-sandbox\/\" target=\"_blank\" rel=\"noopener\">Sandboxes<\/a>.<\/li>\n<li>Wenn die Designer geschlampt haben wird es sehr teuer. ein Teil der Entwicklung muss wiederholt werden, und das kostet weit mehr als 10 % der Urspr\u00fcnglichen Kosten.<\/li>\n<\/ol>\n<p>\u00dcber die gesamte Laufzeit von Entwicklung bis zur Abschaffung der Software kommen leicht 100.000 \u20ac pro Jahr zusammen. Schon haben wir noch einmal fast 1 Million Euro. bei steigenden Kosten sind es Erfahrungsgem\u00e4\u00df mehr als 2 Millionen Euro.<\/p>\n<p>Je gr\u00f6\u00dfer das Filialnetz ist kommen auch schon mal 1 Millionen Euro f\u00fcr der Softwarebetrieb pro Jahr zusammen. RUN THE BANK<\/p>\n<p>Daher der Trend zur Abkehr vom Wasserfallmodell hin zu agilen Entwicklungsmethoden.<\/p>\n<ul>\n<li>daily build<\/li>\n<li>daily test<\/li>\n<li>sehr kurze Entwicklungszyklen<\/li>\n<li>feste Einbindung von fachkundigen Anwendern in das Team.<\/li>\n<\/ul>\n<p>Ullrich Barmeyer, Diplom Informatiker @Deutsche Bank\u00a0 Frankfurt\u00a0 @KfW Berlin\u00a0 @FinanzInformatik Hannover<\/p>\n<div class=\"mceTemp\"><\/div>\n<\/div>\n<\/div><\/div><\/div><\/div><\/div>","protected":false},"excerpt":{"rendered":"<p>Geschichten, die das Leben schreibt Eine Bank mit konservativem Vorstand l\u00e4sst ein IT System entwickeln. Banken arbeiten seri\u00f6s auf Mainframe , meist IBM und meist teuer. Die Entwicklung kostet, sagen wir 1 Million Euro und dauert ein Jahr. Die Umstellung auf SEPA Lastschriften war so ein System. Stehen diese Systeme erst einmal laufen sie auch &hellip; <\/p>\n<p class=\"link-more\"><a href=\"https:\/\/www.bcsberlin.com\/whitebird\/BCSblog\/management-geschaeftsfuehrer-stories-it\/\" class=\"more-link\"><span class=\"screen-reader-text\">\u201eManagement Gesch\u00e4ftsf\u00fchrer Stories IT\u201c<\/span> weiterlesen<\/a><\/p>\n","protected":false},"author":1,"featured_media":0,"parent":0,"menu_order":0,"comment_status":"closed","ping_status":"closed","template":"","meta":{"footnotes":""},"class_list":["post-1143","page","type-page","status-publish","hentry"],"yoast_head":"<!-- This site is optimized with the Yoast SEO plugin v15.6.2 - https:\/\/yoast.com\/wordpress\/plugins\/seo\/ -->\n<title>Management Gesch\u00e4ftsf\u00fchrer Stories IT - BCSberlin.de<\/title>\n<meta name=\"robots\" content=\"index, follow, max-snippet:-1, max-image-preview:large, max-video-preview:-1\" \/>\n<link rel=\"canonical\" href=\"https:\/\/www.bcsberlin.com\/whitebird\/BCSblog\/management-geschaeftsfuehrer-stories-it\/\" \/>\n<meta property=\"og:locale\" content=\"de_DE\" \/>\n<meta property=\"og:type\" content=\"article\" \/>\n<meta property=\"og:title\" content=\"Management Gesch\u00e4ftsf\u00fchrer Stories IT - BCSberlin.de\" \/>\n<meta property=\"og:description\" content=\"Geschichten, die das Leben schreibt Eine Bank mit konservativem Vorstand l\u00e4sst ein IT System entwickeln. Banken arbeiten seri\u00f6s auf Mainframe , meist IBM und meist teuer. Die Entwicklung kostet, sagen wir 1 Million Euro und dauert ein Jahr. Die Umstellung auf SEPA Lastschriften war so ein System. Stehen diese Systeme erst einmal laufen sie auch &hellip; \u201eManagement Gesch\u00e4ftsf\u00fchrer Stories IT\u201c weiterlesen\" \/>\n<meta property=\"og:url\" content=\"https:\/\/www.bcsberlin.com\/whitebird\/BCSblog\/management-geschaeftsfuehrer-stories-it\/\" \/>\n<meta property=\"og:site_name\" content=\"BCSberlin.de\" \/>\n<meta property=\"og:image\" content=\"http:\/\/www.bcsberlin.com\/whitebird\/BCSblog\/wp-content\/uploads\/2016\/11\/2018-09-23-15_10_35-Window-300x170.jpg\" \/>\n<meta name=\"twitter:card\" content=\"summary_large_image\" \/>\n<meta name=\"twitter:label1\" content=\"Gesch\u00e4tzte Lesezeit\">\n\t<meta name=\"twitter:data1\" content=\"2\u00a0Minuten\">\n<script type=\"application\/ld+json\" class=\"yoast-schema-graph\">{\"@context\":\"https:\/\/schema.org\",\"@graph\":[{\"@type\":\"WebSite\",\"@id\":\"https:\/\/www.bcsberlin.com\/whitebird\/BCSblog\/#website\",\"url\":\"https:\/\/www.bcsberlin.com\/whitebird\/BCSblog\/\",\"name\":\"BCSberlin.de\",\"description\":\"Beratung Computer Software Seit 20 Jahre Erfahrung von Microprozessor bis IBM Mainframe\",\"potentialAction\":[{\"@type\":\"SearchAction\",\"target\":\"https:\/\/www.bcsberlin.com\/whitebird\/BCSblog\/?s={search_term_string}\",\"query-input\":\"required name=search_term_string\"}],\"inLanguage\":\"de\"},{\"@type\":\"ImageObject\",\"@id\":\"https:\/\/www.bcsberlin.com\/whitebird\/BCSblog\/management-geschaeftsfuehrer-stories-it\/#primaryimage\",\"inLanguage\":\"de\",\"url\":\"http:\/\/www.bcsberlin.com\/whitebird\/BCSblog\/wp-content\/uploads\/2016\/11\/2018-09-23-15_10_35-Window-300x170.jpg\"},{\"@type\":\"WebPage\",\"@id\":\"https:\/\/www.bcsberlin.com\/whitebird\/BCSblog\/management-geschaeftsfuehrer-stories-it\/#webpage\",\"url\":\"https:\/\/www.bcsberlin.com\/whitebird\/BCSblog\/management-geschaeftsfuehrer-stories-it\/\",\"name\":\"Management Gesch\\u00e4ftsf\\u00fchrer Stories IT - BCSberlin.de\",\"isPartOf\":{\"@id\":\"https:\/\/www.bcsberlin.com\/whitebird\/BCSblog\/#website\"},\"primaryImageOfPage\":{\"@id\":\"https:\/\/www.bcsberlin.com\/whitebird\/BCSblog\/management-geschaeftsfuehrer-stories-it\/#primaryimage\"},\"datePublished\":\"2021-11-18T08:03:53+00:00\",\"dateModified\":\"2021-11-18T08:03:53+00:00\",\"inLanguage\":\"de\",\"potentialAction\":[{\"@type\":\"ReadAction\",\"target\":[\"https:\/\/www.bcsberlin.com\/whitebird\/BCSblog\/management-geschaeftsfuehrer-stories-it\/\"]}]}]}<\/script>\n<!-- \/ Yoast SEO plugin. -->","_links":{"self":[{"href":"https:\/\/www.bcsberlin.com\/whitebird\/BCSblog\/wp-json\/wp\/v2\/pages\/1143","targetHints":{"allow":["GET"]}}],"collection":[{"href":"https:\/\/www.bcsberlin.com\/whitebird\/BCSblog\/wp-json\/wp\/v2\/pages"}],"about":[{"href":"https:\/\/www.bcsberlin.com\/whitebird\/BCSblog\/wp-json\/wp\/v2\/types\/page"}],"author":[{"embeddable":true,"href":"https:\/\/www.bcsberlin.com\/whitebird\/BCSblog\/wp-json\/wp\/v2\/users\/1"}],"replies":[{"embeddable":true,"href":"https:\/\/www.bcsberlin.com\/whitebird\/BCSblog\/wp-json\/wp\/v2\/comments?post=1143"}],"version-history":[{"count":1,"href":"https:\/\/www.bcsberlin.com\/whitebird\/BCSblog\/wp-json\/wp\/v2\/pages\/1143\/revisions"}],"predecessor-version":[{"id":1144,"href":"https:\/\/www.bcsberlin.com\/whitebird\/BCSblog\/wp-json\/wp\/v2\/pages\/1143\/revisions\/1144"}],"wp:attachment":[{"href":"https:\/\/www.bcsberlin.com\/whitebird\/BCSblog\/wp-json\/wp\/v2\/media?parent=1143"}],"curies":[{"name":"wp","href":"https:\/\/api.w.org\/{rel}","templated":true}]}}