{"id":453,"date":"2017-09-25T09:12:05","date_gmt":"2017-09-25T07:12:05","guid":{"rendered":"http:\/\/www.bcsberlin.com\/whitebird\/BCSblog\/?page_id=453"},"modified":"2017-10-03T08:32:56","modified_gmt":"2017-10-03T06:32:56","slug":"the-day-after","status":"publish","type":"page","link":"https:\/\/www.bcsberlin.com\/whitebird\/BCSblog\/the-day-after\/","title":{"rendered":"The Day After"},"content":{"rendered":"<h2><\/h2>\n<h2>Die Parteien<\/h2>\n<h5>CDU<\/h5>\n<p>Eine Kanzlerin, die sagt: &#8222;In der Ruhe liegt die Kraft&#8220; h\u00f6rt sich in heutigen Zeiten absurd an, denn Handeln ist gefragt.<\/p>\n<p>Fr\u00fcher gab es keine Menschen die in M\u00fclleimern nach alten Flaschen suchen mussten. Vielleicht sind die ja nicht selbst schuld? Eine Gesellschaft, die wenig f\u00fcr Alte Menschen tut ist unw\u00fcrdig!<\/p>\n<p>Eine Gesellschaft, die Schulkindern einen Fra\u00df f\u00fcr 2 Euro auf den Teller tut ist ebenso unw\u00fcrdig!<\/p>\n<p>Bildung ist das wichtigste Projekt des Landes. Bei der CDU aber nur vor der Wahl.<\/p>\n<p>NICHT GLEICH FALSCH VERSTEHEN: Angela Merkel hat eindeutig sehr viele Verdienste (Atomausstieg, Wehrpflicht, Ukraine u.a.) ABER:<\/p>\n<ol>\n<li>\u00a0 \u00a012 Jahre sind genug &#8211; woanders ist es guter Brauch, nach 8 Jahren zu gehen.<\/li>\n<li>\u00a0 \u00a0Die Jungen haben keine Chancen, wir werden von Alten regiert.<\/li>\n<li>\u00a0 \u00a0Sie regiert auch ein St\u00fcck weit unberechenbar (Fl\u00fcchtlinge, Klimawandel) ein einziges erratisches hin und her.<\/li>\n<\/ol>\n<h5>CSU<\/h5>\n<p>Ein interessanter <a href=\"http:\/\/www.tagesspiegel.de\/politik\/krise-in-der-union-angela-merkels-endspiel-ist-eroeffnet\/20387082.html\">Link aus dem Tagesspiegel<\/a> heute<\/p>\n<h5>SPD<\/h5>\n<p>War jetzt zu lange der kleinere Partner in der Groko. Martin Schulz verbreitet Aufbruchstimmung, ist k\u00e4mpferisch, und er kann nix f\u00fcr die Vergangenheit.<br \/>\nAndrea Nahles ist unscheinbar aber sehr flei\u00dfig und hat schon viel f\u00fcr das Land getan, z.B. in der Rente mit 63.<\/p>\n<p>Apropos die Rente: Fragt Euch doch mal, warum die \u00d6sterreicher bei gleicher &#8222;Lebensleistung&#8220; die doppelte Rente bekommen?<br \/>\nKann es sein, dass in diesem sch\u00f6nen Land, wirklich alle einzahlen?<\/p>\n<p>Und kann es sein, dass <strong>bei uns<\/strong> die Einheit zum Teil aus der Rentenkasse bezahlt wird (und die M\u00fctterrente ebenso)??<\/p>\n<p>\u00dcber Gerhard Schr\u00f6der brauchen wir schon gar nicht diskutieren. Er hat uns aus diesem unseligen Krieg im <strong>Irak<\/strong> herausgehalten, daf\u00fcr danke ich ihm bis heute.<br \/>\nUnd bei dieser vielzitierten Agenda 2010, konnte er nur entscheiden zwischen Arbeitslosigkeit und Prosperit\u00e4t. Die Fehler kann man ja korrigieren.<\/p>\n<h5>FDP<\/h5>\n<p>Es gibt Leichtmatrosen und Menschen wie Kubicki, Genscher u.v.a.m. Der sp\u00e4te Guido Westerwelle hat mir dann gefallen.<br \/>\nAber ihr k\u00f6nnt sicher sein, die Besserverdienenden fangen bei EUR 500.00 j\u00e4hrlich an, da kommen die meisten nicht heran.<\/p>\n<h5>GR\u00dcN<\/h5>\n<p>Habe ich diesmal nicht gew\u00e4hlt, obwohl es mir sehr schwer gefallen ist. Denn wer tut was gegen Gift im Essen und gegen Massentierhaltung??<br \/>\nFr\u00fcher nannte man sie abf\u00e4llig K\u00f6rnerfresser, heute gibt es BioCompany, sogar ALDI hat eine Bio Ecke.<\/p>\n<h5>DIE LINKE<\/h5>\n<p>Wollte ich mit der Zweitstimme w\u00e4hlen, hab es dann aber doch nicht getan. Es sind noch zu viele Alt-SED Kader in der Partei. Und Putin in den Himmel zu heben ist eben auch nicht mein Ding. Obwohl mir Katja Kipping, Sarah Wagenknecht und nat\u00fcrlich Gregor Gysi sehr gut gefallen.<\/p>\n<h5>AfD<\/h5>\n<p>Da kann ich eigentlich nur Frauke Petry nennen, die immer besser wird.<\/p>\n<p>&nbsp;<\/p>\n<h2><\/h2>\n<h2>Meine unerhebliche Meinung dazu<\/h2>\n<p>Es ist nat\u00fcrlich ein sehr spannendes Ergebnis und es droht die Kanzlerschaft zu zerrei\u00dfen, denn:<\/p>\n<ul>\n<li>Rechts zerrt Herr Seehofer um seine vermeintliche Flanke zu schlie\u00dfen<\/li>\n<li>Links zerren die Gr\u00fcnen, die ja viel zu verlieren haben. Donnerwetter, Frau G\u00f6ring Eckart hat Format!<\/li>\n<li>Und Herr Lindner hat auch viel zu verlieren. Und dem Herrn Kubicki aus SH ist er gar nicht gewachsen. Eher Leichtmatrose im Vergleich.<\/li>\n<\/ul>\n<p>Ich tippe darauf, dass es nach zwei Jahren Neuwahlen gibt. Begeistert bin ich, dass die SPD in die Opposition geht, denn links von der Union gibt es viel zu bewegen!<br \/>\nSozialdemokratische Themen hat auch Frau Wagenknecht-Lafontaine angesprochen. Auf der Pressekonferenz gestern gab sie sich ja schon beinahe staatstragend!<\/p>\n<p>Und ehrlich mal, im Vergleich zur Afd ist die Linke eher harmlos, hat aber fundierte Argumente. Ich mu\u00df aber sagen, dass ich kein Freund von Fundamentalismus bin, und den sehe ich bei Sahra W.<\/p>\n<p>\u00dcberhaupt die Afd: Da gef\u00e4llt mir Frauke Petry ja wieder richtig gut, wenn Sie sich nicht gemein macht mit dem alten Eisen Gauland!<br \/>\nIch geh\u00f6re selbst zu den \u00c4lteren: Aber weg mit den alten S\u00e4cken. Warum gebt Ihr nie den Jungen eine Chance. Sch\u00e4uble, Gauland und Seehofer in die Rente.<\/p>\n<p>Soviel f\u00fcr heute. Schaun wir mal &#8230;&#8230;<\/p>\n<h1>The German Election<\/h1>\n<h2>Angela Merkel \u00a0 \u00a0<img loading=\"lazy\" decoding=\"async\" class=\"alignnone size-full wp-image-449\" src=\"http:\/\/www.bcsberlin.com\/whitebird\/BCSblog\/wp-content\/uploads\/2017\/09\/2017-09-25-08_57_45-attraktiv-Merkel-Google-Suche.png\" alt=\"\" width=\"284\" height=\"155\" \/><\/h2>\n<p>Pays the price for her not positioning to any subject, apart from beeing an excellent foreign minister.<br \/>\nShe\u00b4s not really conservative however usurpates all social democratic projects<\/p>\n<ul>\n<li>On Marriage for all (men to men and women to women)<\/li>\n<li>On Atomic Energy Exit: \u00a0 \u00a0 \u00a0 \u00a0 \u00a0 \u00a0 \u00a0 <img loading=\"lazy\" decoding=\"async\" class=\"alignnone size-medium wp-image-448\" src=\"http:\/\/www.bcsberlin.com\/whitebird\/BCSblog\/wp-content\/uploads\/2017\/09\/2017-09-25-08_40_06-Der-Atomausstieg-ist-aufgeschoben-\u2013-Claudia-Kemfert-300x48.png\" alt=\"\" width=\"300\" height=\"48\" srcset=\"https:\/\/www.bcsberlin.com\/whitebird\/BCSblog\/wp-content\/uploads\/2017\/09\/2017-09-25-08_40_06-Der-Atomausstieg-ist-aufgeschoben-\u2013-Claudia-Kemfert-300x48.png 300w, https:\/\/www.bcsberlin.com\/whitebird\/BCSblog\/wp-content\/uploads\/2017\/09\/2017-09-25-08_40_06-Der-Atomausstieg-ist-aufgeschoben-\u2013-Claudia-Kemfert-768x122.png 768w, https:\/\/www.bcsberlin.com\/whitebird\/BCSblog\/wp-content\/uploads\/2017\/09\/2017-09-25-08_40_06-Der-Atomausstieg-ist-aufgeschoben-\u2013-Claudia-Kemfert.png 779w\" sizes=\"auto, (max-width: 300px) 100vw, 300px\" \/><\/li>\n<li>On Turkey: &#8222;I also want to finish talks with Turkey about EU Membership&#8220;<\/li>\n<\/ul>\n<h2>Martin Schulz \u00a0<img loading=\"lazy\" decoding=\"async\" class=\"alignnone size-full wp-image-450\" src=\"http:\/\/www.bcsberlin.com\/whitebird\/BCSblog\/wp-content\/uploads\/2017\/09\/2017-09-25-08_59_07-Martin-Schulz-Google-Suche.png\" alt=\"\" width=\"168\" height=\"180\" \/><\/h2>\n<p>Is not responsible for what SPD did in the past. He\u00b4s an excellent european politician (former president of eu parliament), however a newbee in german politics.<br \/>\nIndeed he is very close to the folks because he\u00b4s not part of the establishment, did not study, not even having a highscool degree (german matura).<br \/>\nBut that does not matter at all.<\/p>\n<p>Yesterday evening he was totally frustrated, even very angry against angie.<br \/>\nWell its an result for a SPD beeing a minor partner of the government. <em><strong>That does not pay at all.<\/strong><\/em><\/p>\n<p>=========================================================================================<\/p>\n","protected":false},"excerpt":{"rendered":"<p>Die Parteien CDU Eine Kanzlerin, die sagt: &#8222;In der Ruhe liegt die Kraft&#8220; h\u00f6rt sich in heutigen Zeiten absurd an, denn Handeln ist gefragt. Fr\u00fcher gab es keine Menschen die in M\u00fclleimern nach alten Flaschen suchen mussten. Vielleicht sind die ja nicht selbst schuld? Eine Gesellschaft, die wenig f\u00fcr Alte Menschen tut ist unw\u00fcrdig! Eine &hellip; <\/p>\n<p class=\"link-more\"><a href=\"https:\/\/www.bcsberlin.com\/whitebird\/BCSblog\/the-day-after\/\" class=\"more-link\"><span class=\"screen-reader-text\">\u201eThe Day After\u201c<\/span> weiterlesen<\/a><\/p>\n","protected":false},"author":1,"featured_media":0,"parent":0,"menu_order":0,"comment_status":"open","ping_status":"closed","template":"","meta":{"footnotes":""},"class_list":["post-453","page","type-page","status-publish","hentry"],"yoast_head":"<!-- This site is optimized with the Yoast SEO plugin v15.6.2 - https:\/\/yoast.com\/wordpress\/plugins\/seo\/ -->\n<title>The Day After - BCSberlin.de<\/title>\n<meta name=\"robots\" content=\"index, follow, max-snippet:-1, max-image-preview:large, max-video-preview:-1\" \/>\n<link rel=\"canonical\" href=\"https:\/\/www.bcsberlin.com\/whitebird\/BCSblog\/the-day-after\/\" \/>\n<meta property=\"og:locale\" content=\"de_DE\" \/>\n<meta property=\"og:type\" content=\"article\" \/>\n<meta property=\"og:title\" content=\"The Day After - BCSberlin.de\" \/>\n<meta property=\"og:description\" content=\"Die Parteien CDU Eine Kanzlerin, die sagt: &#8222;In der Ruhe liegt die Kraft&#8220; h\u00f6rt sich in heutigen Zeiten absurd an, denn Handeln ist gefragt. Fr\u00fcher gab es keine Menschen die in M\u00fclleimern nach alten Flaschen suchen mussten. Vielleicht sind die ja nicht selbst schuld? Eine Gesellschaft, die wenig f\u00fcr Alte Menschen tut ist unw\u00fcrdig! Eine &hellip; \u201eThe Day After\u201c weiterlesen\" \/>\n<meta property=\"og:url\" content=\"https:\/\/www.bcsberlin.com\/whitebird\/BCSblog\/the-day-after\/\" \/>\n<meta property=\"og:site_name\" content=\"BCSberlin.de\" \/>\n<meta property=\"article:modified_time\" content=\"2017-10-03T06:32:56+00:00\" \/>\n<meta property=\"og:image\" content=\"http:\/\/www.bcsberlin.com\/whitebird\/BCSblog\/wp-content\/uploads\/2017\/09\/2017-09-25-08_57_45-attraktiv-Merkel-Google-Suche.png\" \/>\n<meta name=\"twitter:card\" content=\"summary_large_image\" \/>\n<meta name=\"twitter:label1\" content=\"Gesch\u00e4tzte Lesezeit\">\n\t<meta name=\"twitter:data1\" content=\"4\u00a0Minuten\">\n<script type=\"application\/ld+json\" class=\"yoast-schema-graph\">{\"@context\":\"https:\/\/schema.org\",\"@graph\":[{\"@type\":\"WebSite\",\"@id\":\"https:\/\/www.bcsberlin.com\/whitebird\/BCSblog\/#website\",\"url\":\"https:\/\/www.bcsberlin.com\/whitebird\/BCSblog\/\",\"name\":\"BCSberlin.de\",\"description\":\"Beratung Computer Software Seit 20 Jahre Erfahrung von Microprozessor bis IBM Mainframe\",\"potentialAction\":[{\"@type\":\"SearchAction\",\"target\":\"https:\/\/www.bcsberlin.com\/whitebird\/BCSblog\/?s={search_term_string}\",\"query-input\":\"required name=search_term_string\"}],\"inLanguage\":\"de\"},{\"@type\":\"ImageObject\",\"@id\":\"https:\/\/www.bcsberlin.com\/whitebird\/BCSblog\/the-day-after\/#primaryimage\",\"inLanguage\":\"de\",\"url\":\"http:\/\/www.bcsberlin.com\/whitebird\/BCSblog\/wp-content\/uploads\/2017\/09\/2017-09-25-08_57_45-attraktiv-Merkel-Google-Suche.png\"},{\"@type\":\"WebPage\",\"@id\":\"https:\/\/www.bcsberlin.com\/whitebird\/BCSblog\/the-day-after\/#webpage\",\"url\":\"https:\/\/www.bcsberlin.com\/whitebird\/BCSblog\/the-day-after\/\",\"name\":\"The Day After - BCSberlin.de\",\"isPartOf\":{\"@id\":\"https:\/\/www.bcsberlin.com\/whitebird\/BCSblog\/#website\"},\"primaryImageOfPage\":{\"@id\":\"https:\/\/www.bcsberlin.com\/whitebird\/BCSblog\/the-day-after\/#primaryimage\"},\"datePublished\":\"2017-09-25T07:12:05+00:00\",\"dateModified\":\"2017-10-03T06:32:56+00:00\",\"inLanguage\":\"de\",\"potentialAction\":[{\"@type\":\"ReadAction\",\"target\":[\"https:\/\/www.bcsberlin.com\/whitebird\/BCSblog\/the-day-after\/\"]}]}]}<\/script>\n<!-- \/ Yoast SEO plugin. -->","_links":{"self":[{"href":"https:\/\/www.bcsberlin.com\/whitebird\/BCSblog\/wp-json\/wp\/v2\/pages\/453","targetHints":{"allow":["GET"]}}],"collection":[{"href":"https:\/\/www.bcsberlin.com\/whitebird\/BCSblog\/wp-json\/wp\/v2\/pages"}],"about":[{"href":"https:\/\/www.bcsberlin.com\/whitebird\/BCSblog\/wp-json\/wp\/v2\/types\/page"}],"author":[{"embeddable":true,"href":"https:\/\/www.bcsberlin.com\/whitebird\/BCSblog\/wp-json\/wp\/v2\/users\/1"}],"replies":[{"embeddable":true,"href":"https:\/\/www.bcsberlin.com\/whitebird\/BCSblog\/wp-json\/wp\/v2\/comments?post=453"}],"version-history":[{"count":3,"href":"https:\/\/www.bcsberlin.com\/whitebird\/BCSblog\/wp-json\/wp\/v2\/pages\/453\/revisions"}],"predecessor-version":[{"id":476,"href":"https:\/\/www.bcsberlin.com\/whitebird\/BCSblog\/wp-json\/wp\/v2\/pages\/453\/revisions\/476"}],"wp:attachment":[{"href":"https:\/\/www.bcsberlin.com\/whitebird\/BCSblog\/wp-json\/wp\/v2\/media?parent=453"}],"curies":[{"name":"wp","href":"https:\/\/api.w.org\/{rel}","templated":true}]}}

<h2></h2>
<h2>Die Parteien</h2>
<h5>CDU</h5>
<p>Eine Kanzlerin, die sagt: &#8222;In der Ruhe liegt die Kraft&#8220; hört sich in heutigen Zeiten absurd an, denn Handeln ist gefragt.</p>
<p>Früher gab es keine Menschen die in Mülleimern nach alten Flaschen suchen mussten. Vielleicht sind die ja nicht selbst schuld? Eine Gesellschaft, die wenig für Alte Menschen tut ist unwürdig!</p>
<p>Eine Gesellschaft, die Schulkindern einen Fraß für 2 Euro auf den Teller tut ist ebenso unwürdig!</p>
<p>Bildung ist das wichtigste Projekt des Landes. Bei der CDU aber nur vor der Wahl.</p>
<p>NICHT GLEICH FALSCH VERSTEHEN: Angela Merkel hat eindeutig sehr viele Verdienste (Atomausstieg, Wehrpflicht, Ukraine u.a.) ABER:</p>
<ol>
<li>   12 Jahre sind genug &#8211; woanders ist es guter Brauch, nach 8 Jahren zu gehen.</li>
<li>   Die Jungen haben keine Chancen, wir werden von Alten regiert.</li>
<li>   Sie regiert auch ein Stück weit unberechenbar (Flüchtlinge, Klimawandel) ein einziges erratisches hin und her.</li>
</ol>
<h5>CSU</h5>
<p>Ein interessanter <a href="http://www.tagesspiegel.de/politik/krise-in-der-union-angela-merkels-endspiel-ist-eroeffnet/20387082.html">Link aus dem Tagesspiegel</a> heute</p>
<h5>SPD</h5>
<p>War jetzt zu lange der kleinere Partner in der Groko. Martin Schulz verbreitet Aufbruchstimmung, ist kämpferisch, und er kann nix für die Vergangenheit.<br />
Andrea Nahles ist unscheinbar aber sehr fleißig und hat schon viel für das Land getan, z.B. in der Rente mit 63.</p>
<p>Apropos die Rente: Fragt Euch doch mal, warum die Österreicher bei gleicher &#8222;Lebensleistung&#8220; die doppelte Rente bekommen?<br />
Kann es sein, dass in diesem schönen Land, wirklich alle einzahlen?</p>
<p>Und kann es sein, dass <strong>bei uns</strong> die Einheit zum Teil aus der Rentenkasse bezahlt wird (und die Mütterrente ebenso)??</p>
<p>Über Gerhard Schröder brauchen wir schon gar nicht diskutieren. Er hat uns aus diesem unseligen Krieg im <strong>Irak</strong> herausgehalten, dafür danke ich ihm bis heute.<br />
Und bei dieser vielzitierten Agenda 2010, konnte er nur entscheiden zwischen Arbeitslosigkeit und Prosperität. Die Fehler kann man ja korrigieren.</p>
<h5>FDP</h5>
<p>Es gibt Leichtmatrosen und Menschen wie Kubicki, Genscher u.v.a.m. Der späte Guido Westerwelle hat mir dann gefallen.<br />
Aber ihr könnt sicher sein, die Besserverdienenden fangen bei EUR 500.00 jährlich an, da kommen die meisten nicht heran.</p>
<h5>GRÜN</h5>
<p>Habe ich diesmal nicht gewählt, obwohl es mir sehr schwer gefallen ist. Denn wer tut was gegen Gift im Essen und gegen Massentierhaltung??<br />
Früher nannte man sie abfällig Körnerfresser, heute gibt es BioCompany, sogar ALDI hat eine Bio Ecke.</p>
<h5>DIE LINKE</h5>
<p>Wollte ich mit der Zweitstimme wählen, hab es dann aber doch nicht getan. Es sind noch zu viele Alt-SED Kader in der Partei. Und Putin in den Himmel zu heben ist eben auch nicht mein Ding. Obwohl mir Katja Kipping, Sarah Wagenknecht und natürlich Gregor Gysi sehr gut gefallen.</p>
<h5>AfD</h5>
<p>Da kann ich eigentlich nur Frauke Petry nennen, die immer besser wird.</p>
<p>&nbsp;</p>
<h2></h2>
<h2>Meine unerhebliche Meinung dazu</h2>
<p>Es ist natürlich ein sehr spannendes Ergebnis und es droht die Kanzlerschaft zu zerreißen, denn:</p>
<ul>
<li>Rechts zerrt Herr Seehofer um seine vermeintliche Flanke zu schließen</li>
<li>Links zerren die Grünen, die ja viel zu verlieren haben. Donnerwetter, Frau Göring Eckart hat Format!</li>
<li>Und Herr Lindner hat auch viel zu verlieren. Und dem Herrn Kubicki aus SH ist er gar nicht gewachsen. Eher Leichtmatrose im Vergleich.</li>
</ul>
<p>Ich tippe darauf, dass es nach zwei Jahren Neuwahlen gibt. Begeistert bin ich, dass die SPD in die Opposition geht, denn links von der Union gibt es viel zu bewegen!<br />
Sozialdemokratische Themen hat auch Frau Wagenknecht-Lafontaine angesprochen. Auf der Pressekonferenz gestern gab sie sich ja schon beinahe staatstragend!</p>
<p>Und ehrlich mal, im Vergleich zur Afd ist die Linke eher harmlos, hat aber fundierte Argumente. Ich muß aber sagen, dass ich kein Freund von Fundamentalismus bin, und den sehe ich bei Sahra W.</p>
<p>Überhaupt die Afd: Da gefällt mir Frauke Petry ja wieder richtig gut, wenn Sie sich nicht gemein macht mit dem alten Eisen Gauland!<br />
Ich gehöre selbst zu den Älteren: Aber weg mit den alten Säcken. Warum gebt Ihr nie den Jungen eine Chance. Schäuble, Gauland und Seehofer in die Rente.</p>
<p>Soviel für heute. Schaun wir mal &#8230;&#8230;</p>
<h1>The German Election</h1>
<h2>Angela Merkel    <img loading="lazy" decoding="async" class="alignnone size-full wp-image-449" src="http://www.bcsberlin.com/whitebird/BCSblog/wp-content/uploads/2017/09/2017-09-25-08_57_45-attraktiv-Merkel-Google-Suche.png" alt="" width="284" height="155" /></h2>
<p>Pays the price for her not positioning to any subject, apart from beeing an excellent foreign minister.<br />
She´s not really conservative however usurpates all social democratic projects</p>
<ul>
<li>On Marriage for all (men to men and women to women)</li>
<li>On Atomic Energy Exit:               <img loading="lazy" decoding="async" class="alignnone size-medium wp-image-448" src="http://www.bcsberlin.com/whitebird/BCSblog/wp-content/uploads/2017/09/2017-09-25-08_40_06-Der-Atomausstieg-ist-aufgeschoben-–-Claudia-Kemfert-300x48.png" alt="" width="300" height="48" srcset="https://www.bcsberlin.com/whitebird/BCSblog/wp-content/uploads/2017/09/2017-09-25-08_40_06-Der-Atomausstieg-ist-aufgeschoben-–-Claudia-Kemfert-300x48.png 300w, https://www.bcsberlin.com/whitebird/BCSblog/wp-content/uploads/2017/09/2017-09-25-08_40_06-Der-Atomausstieg-ist-aufgeschoben-–-Claudia-Kemfert-768x122.png 768w, https://www.bcsberlin.com/whitebird/BCSblog/wp-content/uploads/2017/09/2017-09-25-08_40_06-Der-Atomausstieg-ist-aufgeschoben-–-Claudia-Kemfert.png 779w" sizes="auto, (max-width: 300px) 100vw, 300px" /></li>
<li>On Turkey: &#8222;I also want to finish talks with Turkey about EU Membership&#8220;</li>
</ul>
<h2>Martin Schulz  <img loading="lazy" decoding="async" class="alignnone size-full wp-image-450" src="http://www.bcsberlin.com/whitebird/BCSblog/wp-content/uploads/2017/09/2017-09-25-08_59_07-Martin-Schulz-Google-Suche.png" alt="" width="168" height="180" /></h2>
<p>Is not responsible for what SPD did in the past. He´s an excellent european politician (former president of eu parliament), however a newbee in german politics.<br />
Indeed he is very close to the folks because he´s not part of the establishment, did not study, not even having a highscool degree (german matura).<br />
But that does not matter at all.</p>
<p>Yesterday evening he was totally frustrated, even very angry against angie.<br />
Well its an result for a SPD beeing a minor partner of the government. <em><strong>That does not pay at all.</strong></em></p>
<p>=========================================================================================</p>

<p>Die Parteien CDU Eine Kanzlerin, die sagt: &#8222;In der Ruhe liegt die Kraft&#8220; hört sich in heutigen Zeiten absurd an, denn Handeln ist gefragt. Früher gab es keine Menschen die in Mülleimern nach alten Flaschen suchen mussten. Vielleicht sind die ja nicht selbst schuld? Eine Gesellschaft, die wenig für Alte Menschen tut ist unwürdig! Eine &hellip; </p>
<p class="link-more"><a href="https://www.bcsberlin.com/whitebird/BCSblog/the-day-after/" class="more-link"><span class="screen-reader-text">„The Day After“</span> weiterlesen</a></p>

<!-- This site is optimized with the Yoast SEO plugin v15.6.2 - https://yoast.com/wordpress/plugins/seo/ -->
<title>The Day After - BCSberlin.de</title>
<meta name="robots" content="index, follow, max-snippet:-1, max-image-preview:large, max-video-preview:-1" />
<link rel="canonical" href="https://www.bcsberlin.com/whitebird/BCSblog/the-day-after/" />
<meta property="og:locale" content="de_DE" />
<meta property="og:type" content="article" />
<meta property="og:title" content="The Day After - BCSberlin.de" />
<meta property="og:description" content="Die Parteien CDU Eine Kanzlerin, die sagt: &#8222;In der Ruhe liegt die Kraft&#8220; hört sich in heutigen Zeiten absurd an, denn Handeln ist gefragt. Früher gab es keine Menschen die in Mülleimern nach alten Flaschen suchen mussten. Vielleicht sind die ja nicht selbst schuld? Eine Gesellschaft, die wenig für Alte Menschen tut ist unwürdig! Eine &hellip; „The Day After“ weiterlesen" />
<meta property="og:url" content="https://www.bcsberlin.com/whitebird/BCSblog/the-day-after/" />
<meta property="og:site_name" content="BCSberlin.de" />
<meta property="article:modified_time" content="2017-10-03T06:32:56+00:00" />
<meta property="og:image" content="http://www.bcsberlin.com/whitebird/BCSblog/wp-content/uploads/2017/09/2017-09-25-08_57_45-attraktiv-Merkel-Google-Suche.png" />
<meta name="twitter:card" content="summary_large_image" />
<meta name="twitter:label1" content="Geschätzte Lesezeit">
	<meta name="twitter:data1" content="4 Minuten">
<script type="application/ld+json" class="yoast-schema-graph">{"@context":"https://schema.org","@graph":[{"@type":"WebSite","@id":"https://www.bcsberlin.com/whitebird/BCSblog/#website","url":"https://www.bcsberlin.com/whitebird/BCSblog/","name":"BCSberlin.de","description":"Beratung Computer Software Seit 20 Jahre Erfahrung von Microprozessor bis IBM Mainframe","potentialAction":[{"@type":"SearchAction","target":"https://www.bcsberlin.com/whitebird/BCSblog/?s={search_term_string}","query-input":"required name=search_term_string"}],"inLanguage":"de"},{"@type":"ImageObject","@id":"https://www.bcsberlin.com/whitebird/BCSblog/the-day-after/#primaryimage","inLanguage":"de","url":"http://www.bcsberlin.com/whitebird/BCSblog/wp-content/uploads/2017/09/2017-09-25-08_57_45-attraktiv-Merkel-Google-Suche.png"},{"@type":"WebPage","@id":"https://www.bcsberlin.com/whitebird/BCSblog/the-day-after/#webpage","url":"https://www.bcsberlin.com/whitebird/BCSblog/the-day-after/","name":"The Day After - BCSberlin.de","isPartOf":{"@id":"https://www.bcsberlin.com/whitebird/BCSblog/#website"},"primaryImageOfPage":{"@id":"https://www.bcsberlin.com/whitebird/BCSblog/the-day-after/#primaryimage"},"datePublished":"2017-09-25T07:12:05+00:00","dateModified":"2017-10-03T06:32:56+00:00","inLanguage":"de","potentialAction":[{"@type":"ReadAction","target":["https://www.bcsberlin.com/whitebird/BCSblog/the-day-after/"]}]}]}</script>
<!-- / Yoast SEO plugin. -->
